 66 = -2*f. What are the prime factors of f?
3
Let l = 15 + -87. Let x = -24 - l. List the prime factors of x.
2, 3
Suppose 1491 = 6*b - 1119. What are the prime factors of b?
3, 5, 29
Let k(j) = 21*j - 4. Let v = 15 + -7. Let w = -6 + v. What are the prime factors of k(w)?
2, 19
Let m be (7 - -7)*2/4. Suppose m*g - 11 = 10. Suppose 84 = -0*b + g*b. List the prime factors of b.
2, 7
Let o(t) = t**2 - 10*t + 11. Let p be o(9). Suppose -i - 6*x + 93 = -2*x, -4*i + 330 = p*x. What are the prime factors of i?
3
Suppose -d + 9 = 5. List the prime factors of ((-56)/d)/(3/(-6)).
2, 7
What are the prime factors of 80 - 3 - (75/5)/3?
2, 3
Suppose 4*t + 5*i = 52, -6*t = -2*t + i - 68. Let g = 2 + -3. What are the prime factors of g - -70 - t/(-9)?
71
Suppose 0 = -c - 2*a + 5111 - 1027, 2*a + 4096 = c. List the prime factors of c.
2, 5, 409
Let t(b) = -3*b + 43. Let d be t(13). Let w(l) = 11*l + 5. What are the prime factors of w(d)?
7
Let q(b) = -b**2 + 29*b + 52. What are the prime factors of q(23)?
2, 5, 19
List the prime factors of -116*(-6 + 69/12).
29
Let y = -233 + 400. List the prime factors of y.
167
Suppose -w + 0*w = -2*d + 77, 5*d = -5*w + 170. Let b = 126 - d. What are the prime factors of b?
89
Suppose 0*u - 7*u = -2065. Let h = -142 + u. List the prime factors of h.
3, 17
Suppose 9 = -2*q + 4*q + 5*w, q = -w + 12. Let f be 1/(1 + 4/(-6)). Suppose 4*m = m + i + q, f*i + 16 = 2*m. List the prime factors of m.
5
Let o(t) = -6*t**2 - 61*t - 76. Let w(c) = -c**2 - 12*c - 15. Let j(q) = 2*o(q) - 11*w(q). Suppose 2*g = -103 + 123. List the prime factors of j(g).
13
Let n be (3 - -2)*8/20. What are the prime factors of (-261)/(-7) - n/7?
37
Let z = 384 + -125. List the prime factors of z.
7, 37
Let x = -34 - -21. Let i = x - -29. Suppose -i - 10 = -2*r + 5*k, -2*r + k = -18. List the prime factors of r.
2
Suppose 70 = 2*k + 3*k + 5*d, d = -3*k + 40. Let l = -19 + k. Let m = l - -8. What are the prime factors of m?
2
Suppose 9*p - 120 = 249. Let j = 32 + p. What are the prime factors of j?
73
Let d(x) = x**3 - 8*x**2 + 8*x - 3. Let y be d(7). Suppose -j = y, 2*j = -0*a + 2*a - 122. List the prime factors of a.
3, 19
Let j = -335 - -340. Let k = 10 - 5. Suppose -k*u + 3*f + 165 = 0, -3*f = -2*u - j*f + 50. What are the prime factors of u?
2, 3, 5
Let q(s) = 18*s - 16. Let t(r) = 17*r - 16. Let x(w) = 5*q(w) - 6*t(w). What are the prime factors of x(-4)?
2
Let d = 88 + -62. Let w be 4/d - (-1540)/130. Suppose -7*y = -5*y - w. What are the prime factors of y?
2, 3
Suppose -4*v + 4*k = -1096, -v = -3*k + 109 - 387. List the prime factors of v.
2, 17
Suppose 0 = 2*k - 4*o - 22, 2*k - 3*k + 9 = -4*o. Let t = 15 - k. Suppose -2*h + t*y = 6*y, 5 = -5*y. List the prime factors of h.
2
Let t(i) = -4*i + 11. Let o be t(5). Let g = o - -16. Suppose -g*f + 12*f = 60. What are the prime factors of f?
2, 3
Let y be (-12)/(-15)*590/4. Let z = y + 12. What are the prime factors of z?
2, 5, 13
Let f = 17 - 11. Let v(s) = -s**3 + 6*s**2 + 6*s - 4. Let c be v(f). Let k = c + -19. What are the prime factors of k?
13
Suppose i + 0*i + 2*z - 2 = 0, 0 = z - 2. Let p be (-38)/(-4) - 1/i. Let n(d) = -d**3 + 9*d**2 + 14*d. List the prime factors of n(p).
2, 5
Let y(c) = -c**3 + 59*c**2 + 27*c - 124. What are the prime factors of y(59)?
13, 113
Let c(l) = -l**2 + l + 16. Let n be c(4). Suppose 3*d = -5*y - d + 493, -n*d = 12. What are the prime factors of y?
101
Suppose 0 = -3*g + 5*l + 645 - 113, -5*g + 862 = 4*l. What are the prime factors of g?
2, 3, 29
Let a = -61 + 81. Suppose d - 63 = -a. What are the prime factors of d?
43
Let t(w) = 13*w - 2. Let n = -5 - -11. List the prime factors of t(n).
2, 19
Suppose 0 = -17*p - 3*p + 34060. List the prime factors of p.
13, 131
Suppose 13*d - 6023 - 3558 = 0. List the prime factors of d.
11, 67
List the prime factors of 4156/16 - 3/(-12).
2, 5, 13
What are the prime factors of 57/(-190) + 8769/30?
2, 73
Let w(r) = 16*r**2 + 26*r + 9. What are the prime factors of w(7)?
3, 5, 13
Let u(q) be the second derivative of 11/6*q**3 + 0 + 4*q + 7/2*q**2 + 1/6*q**4. List the prime factors of u(-7).
2, 7
Let l be (2/3)/(2/9). Suppose -i = l*q + 3, 3*q - 1 = -2*i - 4. Suppose 10 = m - i. What are the prime factors of m?
2, 5
Let l(x) = -6*x - 4. Let w(a) = a - 1. Let c(i) = i**3 - 2*i + 5. Let v(o) = -c(o) - 2*w(o). Let z be v(0). List the prime factors of l(z).
2, 7
Let h(d) be the second derivative of -d**5/20 + 2*d**4/3 + d**3/3 + 11*d**2/2 + d. Let c be (2 - (-4 - -5))*8. List the prime factors of h(c).
3
Suppose 2*c + 2 = 0, -d + 474 = 3*c + 37. List the prime factors of d.
2, 5, 11
Let c be -4 + 40 + (-2)/(-2). Let b = c - -9. Suppose 2*o + 0*o = b. List the prime factors of o.
23
Suppose 256 - 6 = -2*c. Let z = -209 - c. List the prime factors of 410/14 - (-24)/z.
29
Let w(a) be the first derivative of 19*a**6/360 - a**5/120 - a**4/24 - a**3 + 3. Let n(p) be the third derivative of w(p). List the prime factors of n(-1).
19
Let h be 0 + (4 - 0/(-4)). Suppose h*s = 4*l - 300, 3*l - 5*s - 236 = -7. Suppose -2*j + 45 + l = 2*t, -j = 2*t - 54. What are the prime factors of j?
2
Suppose 5*v = -5*i + 3570, 2*v + 4*i = 6*v - 2848. What are the prime factors of v?
23, 31
Suppose -28*f + 9303 = 2247. What are the prime factors of f?
2, 3, 7
Let n(x) = 31*x**2 + 11*x + 22. What are the prime factors of n(-5)?
2, 7, 53
Suppose 3*v - 7*i = -2*i + 6843, -4*i = 12. List the prime factors of v.
2, 569
Suppose 3*k - 35 = -4*s, 49 - 9 = 3*s + 5*k. Let y = s - -25. Suppose -14 - y = -f. What are the prime factors of f?
2, 11
Suppose 0 = -2*x + h - 51, -4*x = -3*x - 4*h + 43. Let m = 29 - x. What are the prime factors of m?
2, 13
Suppose -3*j + 39 - 6 = 0. Let x = -5 - j. Let s = x + 25. List the prime factors of s.
3
Suppose -2*t - 2 = 0, 5*t = f + t + 296. Let w = -166 - f. What are the prime factors of w?
2, 67
Suppose 7*q + 12132 = 16*q. List the prime factors of q.
2, 337
Suppose -8 = -4*w + 2*w. Suppose -2*g - 8 = w. Let r(j) = -2*j - 8. What are the prime factors of r(g)?
2
Let d = -39 - -34. Let z be (-3)/(3/d) + -3. Suppose 0*j - z*j = -158. List the prime factors of j.
79
List the prime factors of 15/(-3)*(-18)/(-30)*-83.
3, 83
Suppose -2696 = -245*z + 241*z. What are the prime factors of z?
2, 337
Let j be (-168)/(-90) - (-4)/30. Let p = -67 + 134. Suppose 2 - 6 = 4*s, s - p = -j*m. What are the prime factors of m?
2, 17
Suppose 49*y - 44*y = 4325. List the prime factors of y.
5, 173
Let b(l) = 2*l**2 + 11*l. Let t be 3*11/(-3) + 3. Let i be b(t). What are the prime factors of (i + -1 - -1) + -4?
2, 3
Let c(n) = n**2 + 18*n + 25. Let y(r) = r + 1. Let s(u) = -c(u) + 5*y(u). Let b be s(-10). List the prime factors of 4/b + 279/15.
19
Let c = -5 + 9. Let a be (c - 0)*33/2. Suppose -q - 79 = -3*o, -2*q = 2*o - 0*o - a. List the prime factors of o.
2, 7
Let c be (1 - 40/(-12))*3. Let o = 12 - c. What are the prime factors of (-3)/6*34/o?
17
Suppose 0 = -3*l + 2*c - 3*c + 2635, -3*l - 2*c = -2636. What are the prime factors of l?
2, 439
List the prime factors of (368820/(-70))/(-6) - (-12)/14.
3, 293
Suppose 41*o + 1040 = 54*o. What are the prime factors of o?
2, 5
Suppose -6*l + 343 = 73. What are the prime factors of l?
3, 5
Suppose 4*y + 0 = 8. Suppose -10*n + 192 = -y*n. What are the prime factors of n?
2, 3
Let g(d) = 2*d**3 + 3*d**2 + d + 2. Let k be g(-2). Let u be k/((-4)/(-3))*-1. Suppose x + u*m = 3*x - 36, -3*x + 39 = 3*m. List the prime factors of x.
3, 5
Suppose 10*a + 1299 = 7509. List the prime factors of a.
3, 23
Let j(s) = -2*s - 8. Suppose q + q + 2*k + 4 = 0, 0 = 5*q - 2*k - 25. Suppose y - q = 0, 5*g + 2*y + 22 = g. List the prime factors of j(g).
2, 3
Let d(b) = 2*b**2 - 5*b - 5. Let x = 19 - 21. What are the prime factors of d(x)?
13
Let j(f) = -f + 2. Let r(y) be the second derivative of -y**3/3 + 3*y**2/2 - 6*y. Let x(l) = -3*j(l) + 2*r(l). What are the prime factors of x(-8)?
2
Let k be (-1)/(80/(-25) + 3). Suppose -129 - 36 = -k*u. What are the prime factors of u?
3, 11
Let i = 0 - -10. What are the prime factors of ((-102)/7)/(i/(-140))?
2, 3, 17
What are the prime factors of -76*(4 + -20) + (1 - 2)?
3, 5
Suppose 3*h + 3*q = 129, 0 = -h + 4*h + q - 127. Let i = 71 - h. Let z = i - 11. What are the prime factors of z?